= -0*j - 1. List the prime factors of 60 - -2 - (-1)/j.
61
Let u(i) be the first derivative of -7*i**2 - 10*i + 2. Let o be u(-9). What are the prime factors of o/6 - 2/(-3)?
2, 5
Let f = 15 + -19. List the prime factors of (885/(-25) + 1)/(f/10).
2, 43
Let m be -21 + 20 - (-1 + -150). Suppose -5*q + 2*f = -m, 0 = -3*f + 8 + 7. What are the prime factors of q?
2
Suppose -7*c = 910 + 189. Let n = 267 + c. List the prime factors of n.
2, 5, 11
What are the prime factors of 546/((-12)/(-30) - (-1)/(-40))?
2, 7, 13
Suppose 3*a - 7*a + 80 = 0. Suppose 5*y = a, -2*y + 613 = -0*l + 5*l. Suppose -l = -3*h - 4*z, -z - 1 = -2. What are the prime factors of h?
3, 13
Suppose r = -5*h + 99, -2*r - 97 = -5*h - 5*r. Suppose -h = 4*j, -114 + 354 = 4*i + 4*j. What are the prime factors of i?
5, 13
Suppose 6 = -5*t + 41. Suppose t*p - 10*p = -468. Suppose -4*v + 135 - 3 = -4*h, p = 5*v - 2*h. What are the prime factors of v?
2, 3, 5
Suppose -5 - 2 = 3*r - i, 0 = 4*r - 3*i + 6. List the prime factors of 180 - (r - (-25)/5).
2, 89
Suppose -24 = 6*k + 18. Let s = 13 - k. What are the prime factors of s?
2, 5
Let k(u) = 2*u**3 - u**2 - 5*u + 3. Suppose -2*n + 21 = 5*v, 0*v = n - 5*v + 12. Let d be k(n). Suppose 0*s = -s + d. What are the prime factors of s?
3, 11
Let v = -49 - -54. Suppose -b = 3*f - 98, 0 = -4*b + v + 3. List the prime factors of f.
2
Suppose 51*j - 25*j = 1430. What are the prime factors of j?
5, 11
Let b = 843 - 115. What are the prime factors of b?
2, 7, 13
Let y(f) be the third derivative of -9*f**6/40 + f**4/24 + f**3/6 + 10*f**2. List the prime factors of y(-1).
3
Let b = 1829 - 1033. What are the prime factors of b?
2, 199
Suppose -5*h - 5*g = -2*g - 408, 3*g = -h + 84. Suppose h = 3*k - 120. List the prime factors of k.
67
Let m(z) = -8*z + 10. Let v be m(-5). Let a be (-20)/v - (-44)/10. Suppose a*i - 2*i - 110 = 0. List the prime factors of i.
5, 11
Let i = 412 - 280. List the prime factors of i + (0/(-4) - -2).
2, 67
Let g(x) = 11*x**2 + 16*x - 82. What are the prime factors of g(4)?
2, 79
Suppose -15*u - 11271 = -46791. What are the prime factors of u?
2, 37
Let j(s) = -13. Let r(b) = -b - 1. Let i(h) = j(h) + 4*r(h). List the prime factors of i(-7).
11
Suppose 5*i = -5*b, -i + b + 12 - 4 = 0. Suppose -29 + 9 = -i*u. What are the prime factors of 12/u*(5 + 0)?
2, 3
Let a(r) = r**3 + 10*r**2 + 3*r - 5. Let x be a(-4). Let m(y) = 22*y + 7. Let z be m(5). Let k = z - x. What are the prime factors of k?
2, 19
Suppose -4*s - 40 = 2*q + 2*q, -q = -4*s + 25. Let y = -9 - q. Suppose 0 = -y*d + 106 + 42. List the prime factors of d.
37
Suppose z + v + v = 6, 2*z - 3*v = -16. Let h = z + 9. What are the prime factors of ((-52)/h)/(8/(-28))?
2, 13
Suppose 8*m = 3*m + 1980. Suppose -4*i + m = -g, 2*g = 5*i - g - 502. List the prime factors of i.
2, 7
Let n(q) = -26*q**3 + 5*q**2 - 4 + 7*q**2 + 25*q**3 - 3 + 14*q. What are the prime factors of n(13)?
2, 3
Suppose 3*k - 66 = 5*o, -4*o - 23 = -2*k + 19. Suppose -4*l = -p - 15, -4*l = -5*p - 0*p - k. Suppose -l*y = -0*y - 75. List the prime factors of y.
5
Suppose 0 = -2*x - m + 31, 10 = 4*m + 30. Let k(q) = -q + 21. Let f be k(x). List the prime factors of f/(-9) - 121/(-3).
2, 5
Let q(a) = 7*a**2 - 4*a - 1. Let n be q(3). Let h = 90 - n. Suppose -3*u + 49 = -5*x - 11, -2*u + h = 2*x. What are the prime factors of u?
2, 5
Let g(n) = -7*n**3 + 5*n + 19. List the prime factors of g(-4).
3, 149
Suppose 0 = 5*l - 297 + 67. Let q(m) = m**2 + 9*m + 6. Let j be q(-6). What are the prime factors of (l/(-4))/(6/j)?
23
Suppose -2*f - 14 = -4*x, -8*x + 2*f + 18 = -3*x. Let y(o) = -3*o**3 - o**2 + 7*o**3 - o - x*o**2 - 5*o**3. What are the prime factors of y(-6)?
2, 3, 7
Suppose z + 3*o + 4 = 2*z, 4*o - 20 = -5*z. Suppose -z = 4*b - 0. Let k = b + 7. List the prime factors of k.
2, 3
Suppose 0 = 2*l - 8 - 56. Let p = l + -28. Suppose t - 310 = -p*q, t + 4*t = -q + 87. What are the prime factors of q?
7, 11
Suppose 5*s = -5*p, 4*p - 2*p = -5*s. Suppose 51 = -i - 2*b, s*i = 4*i + 4*b + 192. Let d = -22 - i. What are the prime factors of d?
23
Let q = 182 - 84. Let s be (-2368)/(-36) - 4/(-18). Let c = q - s. List the prime factors of c.
2
Let c = 50 + -53. What are the prime factors of -3*1*c*(-35)/(-15)?
3, 7
Let w = -39 - -74. Let t be (-306)/(-12) + (-5)/(-2) + -2. Let c = w - t. List the prime factors of c.
3
Let p be -3 + 3 + -3 + 41. Let d = 58 - p. List the prime factors of d.
2, 5
Let s = 116 + -111. Let n(j) = 7*j**3 - j**2 + 13*j - 15. Let m(r) = -3*r**3 - 6*r + 8. Let z(w) = 9*m(w) + 4*n(w). List the prime factors of z(s).
3
Let g be (27/(-2))/((-21)/196). Let v be (-33)/(-6) - 5/(5 + -15). Suppose -6 = -v*p + g. List the prime factors of p.
2, 11
Let j = 67 + -31. List the prime factors of (-6)/(-27) + -1*(-892)/j.
5
Let x = -25 + 28. Suppose -5*c - 5*y + 440 = 0, x*y - 173 = -2*c + 2*y. List the prime factors of c.
5, 17
Let v be (-8)/12 + (-5)/(30/44). Let t = 27 - v. List the prime factors of t.
5, 7
Let n = -1990 - -4561. What are the prime factors of n?
3, 857
Let u(s) = s**2 - 3*s - 2. Let t be u(4). Let o be ((-4)/3)/(t/(-183)). Suppose -k = -3*k + o. List the prime factors of k.
61
Let m = 2512 + -795. List the prime factors of m.
17, 101
Let g(r) = -2*r + 36. Let t be g(15). What are the prime factors of (16/t)/(0 - (-4)/144)?
2, 3
Suppose 0 = 40*c - 43*c. Suppose -4*y + 12*y - 1432 = c. What are the prime factors of y?
179
Let l = -9 - -12. Suppose -4*i = -l*o - o + 8, -i = 5*o - 4. List the prime factors of o + 10/(-2)*-3.
2
Let k be 8*(-6)/((-3)/1). Suppose 2*r = 8, 2*y - 4*r = -2*y - k. Suppose -5*w + 4*j + 66 = -190, y = -5*w + j + 244. List the prime factors of w.
2, 3
Suppose -3*g - 2*t - 6 = 0, 0 = -2*t - 2*t - 12. Suppose y - 5*a + 6 = 13, -4*y + a - 10 = g. List the prime factors of (-2)/(2/51*y).
17
Suppose -3*f = v + 4, 0 = 3*v - 7*v + 5*f + 1. Let l be -5 - v - (-1 + -5). Suppose -5*b + 2*i - 3*i = -222, b + l*i = 48. List the prime factors of b.
2, 11
Let d = -12 + 20. Let q(m) = m**3 - 7*m**2 - m - 7. Let p be q(d). Let f = -28 + p. What are the prime factors of f?
3, 7
Suppose -13 + 19 = 3*k. List the prime factors of 29/k - 9/6.
13
Let f be ((48/(-15))/4)/(2/635). Let n = -134 - f. What are the prime factors of n?
2, 3, 5
Let m = 51 - -1073. What are the prime factors of m?
2, 281
Let o(h) = 141*h - 1. Suppose -2*b + 5*b = -5*u - 1, -u - 3*b = 5. List the prime factors of o(u).
2, 5, 7
Suppose 3*b + 5*o - 1804 = 668, -3*b = -5*o - 2442. List the prime factors of b.
3, 7, 13
Let r = 1578 - 682. What are the prime factors of r?
2, 7
Suppose -3*w - 3*f = -4149, 5*f + 567 = w - 840. What are the prime factors of w?
19, 73
Suppose -6*f + 10 = -f. Let w be (1/f)/(6/(-288)). Let g = 36 + w. List the prime factors of g.
2, 3
Let m = 401 - -67. Suppose -n + m = 5*n. What are the prime factors of n?
2, 3, 13
Suppose -a + 2*a = 5. Suppose 0 = a*b - 559 + 29. List the prime factors of b.
2, 53
Suppose 0 = -2*h + 5*h + 3. Let x = 1 - h. Suppose -4*d - x*j = -94, 3 = -3*j + 12. List the prime factors of d.
2, 11
Let r = -16 + 24. Let k be -2*2*58/r. Let t = k - -54. List the prime factors of t.
5
Suppose 3*o - o = q - 4, q + 3*o + 1 = 0. Let m be (-2 - 0)/2 + q. What are the prime factors of (m - 0)/(2/48)?
2, 3
Let i = 1304 + 886. What are the prime factors of i?
2, 3, 5, 73
Let u(i) be the second derivative of i**7/840 - i**6/360 + i**4/2 + 5*i. Let w(t) be the third derivative of u(t). List the prime factors of w(3).
3, 7
Let k(w) = w**3 + 23*w**2 + 11*w - 19. What are the prime factors of k(-12)?
1433
Let a = 232 - -470. What are the prime factors of a?
2, 3, 13
What are the prime factors of 11904/6*1 + -1?
3, 661
Let o = -21 - -24. Let k be o*(5/3 + -2). List the prime factors of (-492)/(-18) + k/3.
3
Suppose 0 = -3*o + 5*r, -2*r = -3*o - o. Suppose 5*t = -o*t + 90. Suppose 138 = 4*g - t. List the prime factors of g.
3, 13
Let v(c) = -c**3 - 10*c**2 - 18. List the prime factors of v(-13).
3, 163
Let m(r) = -r**2 - 7*r + 10. Let v be m(-8). Suppose 0 = 2*x - 4*h - 20, -2*h = v*x + 2*h - 4. Suppose 64 = -2*l + x*l. What are the prime factors of l?
2
Let x = 1628 + -69. List the prime factors of x.
1559
Suppose 45*z + 300 = 50*z. What are the prime factors of (-2)/(((-8)/2)/z)?
2, 3,